{"id":38,"date":"2018-05-31T18:38:47","date_gmt":"2018-05-31T16:38:47","guid":{"rendered":"http:\/\/lafermedepierre.fr\/?page_id=38"},"modified":"2019-03-11T09:00:29","modified_gmt":"2019-03-11T08:00:29","slug":"tarifs-et-reservation","status":"publish","type":"page","link":"https:\/\/lafermedepierre.fr\/index.php\/tarifs-et-reservation\/","title":{"rendered":"Tarifs et r\u00e9servation"},"content":{"rendered":"  <div id=\"page-header-454895540\" class=\"page-header-wrapper\">\n  <div class=\"page-title dark featured-title\">\n\n    \n    <div class=\"page-title-inner container align-center text-center flex-row-col medium-flex-wrap\" >\n              <div class=\"title-wrapper flex-col\">\n          <h1 class=\"entry-title mb-0\">\n            Tarifs et r\u00e9servation          <\/h1>\n        <\/div>\n                    <div class=\"title-content flex-col\">\n              <\/div>\n    <\/div><!-- flex-row -->\n\n     \n<style scope=\"scope\">\n\n#page-header-454895540 .title-bg {\n  \n}\n<\/style>\n  <\/div><!-- .page-title -->\n    <\/div><!-- .page-header-wrapper -->\n  \n<div class=\"gap-element\" style=\"display:block; height:auto; padding-top:30px\" class=\"clearfix\"><\/div>\n<div class=\"row\"  id=\"row-266800872\">\n<div class=\"col medium-6 small-12 large-6\"  ><div class=\"col-inner\"  >\n<div class=\"row\"  id=\"row-1358047805\">\n<div class=\"col small-12 large-12\"  ><div class=\"col-inner\"  >\n<h4 style=\"text-align: center;\"><span style=\"color: #800000;\">\u00c0 PARTIR DE 330 \u20ac LA SEMAINE<\/span><\/h4>\n<\/div><\/div>\n<\/div>\n\t<div class=\"img has-hover x md-x lg-x y md-y lg-y\" id=\"image_210453673\">\n\t\t<a href=\"https:\/\/www.gites-de-france.com\/location-vacances-Elliant-Gite-La-Ferme-De-Pierre-Les-Ajoncs-29G26530.html#reserver\"target=\"_blank\" rel=\"noopener noreferrer\"class=\"\">\t\t\t\t\t\t<div class=\"img-inner dark\" >\n\t\t\t<img width=\"1020\" height=\"680\" src=\"https:\/\/lafermedepierre.fr\/wp-content\/uploads\/2018\/06\/sejour2_les_ajoncs_la_ferme_de_pierre-1024x683.jpg\" class=\"attachment-large size-large\" alt=\"\" loading=\"lazy\" srcset=\"https:\/\/lafermedepierre.fr\/wp-content\/uploads\/2018\/06\/sejour2_les_ajoncs_la_ferme_de_pierre-1024x683.jpg 1024w, https:\/\/lafermedepierre.fr\/wp-content\/uploads\/2018\/06\/sejour2_les_ajoncs_la_ferme_de_pierre-300x200.jpg 300w, https:\/\/lafermedepierre.fr\/wp-content\/uploads\/2018\/06\/sejour2_les_ajoncs_la_ferme_de_pierre-768x512.jpg 768w, https:\/\/lafermedepierre.fr\/wp-content\/uploads\/2018\/06\/sejour2_les_ajoncs_la_ferme_de_pierre-600x400.jpg 600w, https:\/\/lafermedepierre.fr\/wp-content\/uploads\/2018\/06\/sejour2_les_ajoncs_la_ferme_de_pierre.jpg 1200w\" sizes=\"(max-width: 1020px) 100vw, 1020px\" \/>\t\t\t\t\t\t\n\t\t\t\t\t<\/div>\n\t\t\t\t\t\t<\/a>\t\t\n<style scope=\"scope\">\n\n#image_210453673 {\n  width: 100%;\n}\n<\/style>\n\t<\/div>\n\t\n<div class=\"row\"  id=\"row-174782766\">\n<div class=\"col small-12 large-12\"  data-animate=\"bounceInLeft\"><div class=\"col-inner box-shadow-4\"  >\n<h3 style=\"text-align: center;\"><a href=\"https:\/\/www.gites-de-france.com\/location-vacances-Elliant-Gite-La-Ferme-De-Pierre-Les-Ajoncs-29G26530.html\">JE R\u00c9SERVE LE GITE &#8220;LES AJONCS&#8221;<\/a><\/h3>\n<\/div><\/div>\n<\/div>\n<\/div><\/div>\n<div class=\"col medium-6 small-12 large-6\"  ><div class=\"col-inner\"  >\n<div class=\"row\"  id=\"row-1902067729\">\n<div class=\"col small-12 large-12\"  ><div class=\"col-inner\"  >\n<h4 style=\"text-align: center;\"><span style=\"color: #800000;\">\u00c0 PARTIR DE 280 \u20ac LA SEMAINE<\/span><\/h4>\n<\/div><\/div>\n<\/div>\n\t<div class=\"img has-hover x md-x lg-x y md-y lg-y\" id=\"image_2113680676\">\n\t\t<a href=\"https:\/\/www.gites-de-france.com\/location-vacances-Elliant-Gite-Ferme-De-Pierre-les-Bruyeres-29G26531.html\"target=\"_blank\" rel=\"noopener noreferrer\"class=\"\">\t\t\t\t\t\t<div class=\"img-inner dark\" >\n\t\t\t<img width=\"1020\" height=\"689\" src=\"https:\/\/lafermedepierre.fr\/wp-content\/uploads\/2018\/06\/les-bruyeres_la_ferme_de_pierre-1024x692.jpg\" class=\"attachment-large size-large\" alt=\"\" loading=\"lazy\" srcset=\"https:\/\/lafermedepierre.fr\/wp-content\/uploads\/2018\/06\/les-bruyeres_la_ferme_de_pierre-1024x692.jpg 1024w, https:\/\/lafermedepierre.fr\/wp-content\/uploads\/2018\/06\/les-bruyeres_la_ferme_de_pierre-300x203.jpg 300w, https:\/\/lafermedepierre.fr\/wp-content\/uploads\/2018\/06\/les-bruyeres_la_ferme_de_pierre-768x519.jpg 768w, https:\/\/lafermedepierre.fr\/wp-content\/uploads\/2018\/06\/les-bruyeres_la_ferme_de_pierre-600x406.jpg 600w, https:\/\/lafermedepierre.fr\/wp-content\/uploads\/2018\/06\/les-bruyeres_la_ferme_de_pierre.jpg 1200w\" sizes=\"(max-width: 1020px) 100vw, 1020px\" \/>\t\t\t\t\t\t\n\t\t\t\t\t<\/div>\n\t\t\t\t\t\t<\/a>\t\t\n<style scope=\"scope\">\n\n#image_2113680676 {\n  width: 100%;\n}\n<\/style>\n\t<\/div>\n\t\n<div class=\"row\"  id=\"row-1909950850\">\n<div class=\"col small-12 large-12\"  data-animate=\"bounceInLeft\"><div class=\"col-inner box-shadow-4\"  >\n<h3 style=\"text-align: center;\">JE R\u00c9SERVE LE GITE &#8220;LES BRUY\u00c8RES&#8221;<\/h3>\n<\/div><\/div>\n<\/div>\n<\/div><\/div>\n<\/div>\n<div class=\"row\"  id=\"row-1880441193\">\n<div class=\"col small-12 large-12\"  ><div class=\"col-inner\"  >\n<p style=\"text-align: center;\"><span style=\"color: #993300;\"><strong>Les r\u00e9servations s&#8217;effectuent en ligne, exclusivement via le site de &#8220;Gites de France&#8221; en lien sur chacune des photos.<\/strong><\/span><\/p>\n<\/div><\/div>\n<\/div>\n<h3 style=\"text-align: center;\"><strong>LA FERME DE PIERRE \u2013 PRESTATIONS PARA HOTELIERES<\/strong><\/h3>\n<p>LA FERME DE PIERRE offre \u00e0 ses h\u00f4tes des prestations de type \u00ab\u00a0para -hotelier\u00a0\u00bb<\/p>\n<p><strong>R\u00e9ception. Accueil .<\/strong><\/p>\n<p>Une pr\u00e9sence permanente est assur\u00e9e par les propri\u00e9taires sauf cas exceptionnel.<\/p>\n<p>La r\u00e9ception officielle des gites se situe au rez de chauss\u00e9e du b\u00e2timent \u00ab\u00a0Cidrerie\u00a0\u00bb qui , outre le mat\u00e9riel li\u00e9 \u00e0 la fabrication du cidre et le bureau d\u2019accueil, h\u00e9berge un espace , permettant de faire de la cuisine et de se restaurer. A l\u2019\u00e9tage de ce b\u00e2timent une salle de jeux permet de se divertir\u00a0: table de ping pong ,jeux de fl\u00e9chettes, jeux de soci\u00e9t\u00e9\u2026<\/p>\n<p>Ces prestations sont disponibles pour les h\u00f4tes, \u00e0 la demande.<\/p>\n<p>En cas d\u2019absence physique d\u2019un des propri\u00e9taires \u00e0 la r\u00e9ception une pr\u00e9sence t\u00e9l\u00e9phonique permanente est assur\u00e9e avec la garantie d\u2019une r\u00e9action tr\u00e8s rapide\u00a0.<\/p>\n<p><strong>Num\u00e9ros de portables des propri\u00e9taires<\/strong>\u00a0:<\/p>\n<p>Yves Lennon\u00a0: 06 43 22 97 73<\/p>\n<p>Anne Marie Lennon\u00a0: 06 88 75 47 33<\/p>\n<p>Olivier Lennon\u00a0: 06 03 81 61 82<\/p>\n<p><strong>Linge de toilette. Draps<\/strong><\/p>\n<p>Serviettes de toilette et draps de bain sont fournis pour la semaine en d\u00e9but de s\u00e9jour. Ils peuvent \u00eatre chang\u00e9s en cours de s\u00e9jour sur demande du client.<\/p>\n<p>De m\u00eame, le mat\u00e9riel de couchage, draps, couettes, couvertures sont fournis et peuvent \u00eatre chang\u00e9s dans les m\u00eames conditions. Ces prestations sont incluses dans le prix des chambres.<\/p>\n<p><strong>M\u00e9nage.<\/strong><\/p>\n<p>Un m\u00e9nage complet et soign\u00e9 est assur\u00e9 par la Ferme de Pierre avant le s\u00e9jour.<\/p>\n<p>Une intervention suppl\u00e9mentaire peut \u00eatre r\u00e9alis\u00e9e en cours de s\u00e9jour \u00e0 la demande du client. Cette prestation est incluse dans le prix des chambres.<\/p>\n<p>\u00a0<\/p>\n","protected":false},"excerpt":{"rendered":"<p>LA FERME DE PIERRE \u2013 PRESTATIONS PARA HOTELIERES LA FERME DE PIERRE offre \u00e0 ses h\u00f4tes des prestations de type \u00ab\u00a0para -hotelier\u00a0\u00bb R\u00e9ception. Accueil . Une pr\u00e9sence permanente est assur\u00e9e par les propri\u00e9taires sauf cas exceptionnel. La r\u00e9ception officielle des gites se situe au rez de chauss\u00e9e du b\u00e2timent \u00ab\u00a0Cidrerie\u00a0\u00bb qui , outre le mat\u00e9riel [&#8230;]\n","protected":false},"author":2,"featured_media":0,"parent":0,"menu_order":0,"comment_status":"closed","ping_status":"closed","template":"","meta":[],"_links":{"self":[{"href":"https:\/\/lafermedepierre.fr\/index.php\/wp-json\/wp\/v2\/pages\/38"}],"collection":[{"href":"https:\/\/lafermedepierre.fr\/index.php\/wp-json\/wp\/v2\/pages"}],"about":[{"href":"https:\/\/lafermedepierre.fr\/index.php\/wp-json\/wp\/v2\/types\/page"}],"author":[{"embeddable":true,"href":"https:\/\/lafermedepierre.fr\/index.php\/wp-json\/wp\/v2\/users\/2"}],"replies":[{"embeddable":true,"href":"https:\/\/lafermedepierre.fr\/index.php\/wp-json\/wp\/v2\/comments?post=38"}],"version-history":[{"count":10,"href":"https:\/\/lafermedepierre.fr\/index.php\/wp-json\/wp\/v2\/pages\/38\/revisions"}],"predecessor-version":[{"id":204,"href":"https:\/\/lafermedepierre.fr\/index.php\/wp-json\/wp\/v2\/pages\/38\/revisions\/204"}],"wp:attachment":[{"href":"https:\/\/lafermedepierre.fr\/index.php\/wp-json\/wp\/v2\/media?parent=38"}],"curies":[{"name":"wp","href":"https:\/\/api.w.org\/{rel}","templated":true}]}}

Tarifs et réservation

<div id="page-header-454895540" class="page-header-wrapper">
  <div class="page-title dark featured-title">

    
    <div class="page-title-inner container align-center text-center flex-row-col medium-flex-wrap" >
              <div class="title-wrapper flex-col">
          <h1 class="entry-title mb-0">
            Tarifs et réservation          </h1>
        </div>
                    <div class="title-content flex-col">
              </div>
    </div><!-- flex-row -->

     
<style scope="scope">

#page-header-454895540 .title-bg {
  
}
</style>
  </div><!-- .page-title -->
    </div><!-- .page-header-wrapper -->
  
<div class="gap-element" style="display:block; height:auto; padding-top:30px" class="clearfix"></div>
<div class="row"  id="row-266800872">
<div class="col medium-6 small-12 large-6"  ><div class="col-inner"  >
<div class="row"  id="row-1358047805">
<div class="col small-12 large-12"  ><div class="col-inner"  >
<h4 style="text-align: center;"><span style="color: #800000;">À PARTIR DE 330 € LA SEMAINE</span></h4>
</div></div>
</div>
	<div class="img has-hover x md-x lg-x y md-y lg-y" id="image_210453673">
		<a href="https://www.gites-de-france.com/location-vacances-Elliant-Gite-La-Ferme-De-Pierre-Les-Ajoncs-29G26530.html#reserver"target="_blank" rel="noopener noreferrer"class="">						<div class="img-inner dark" >
			<img width="1020" height="680" src="https://lafermedepierre.fr/wp-content/uploads/2018/06/sejour2_les_ajoncs_la_ferme_de_pierre-1024x683.jpg" class="attachment-large size-large" alt="" loading="lazy" srcset="https://lafermedepierre.fr/wp-content/uploads/2018/06/sejour2_les_ajoncs_la_ferme_de_pierre-1024x683.jpg 1024w, https://lafermedepierre.fr/wp-content/uploads/2018/06/sejour2_les_ajoncs_la_ferme_de_pierre-300x200.jpg 300w, https://lafermedepierre.fr/wp-content/uploads/2018/06/sejour2_les_ajoncs_la_ferme_de_pierre-768x512.jpg 768w, https://lafermedepierre.fr/wp-content/uploads/2018/06/sejour2_les_ajoncs_la_ferme_de_pierre-600x400.jpg 600w, https://lafermedepierre.fr/wp-content/uploads/2018/06/sejour2_les_ajoncs_la_ferme_de_pierre.jpg 1200w" sizes="(max-width: 1020px) 100vw, 1020px" />						
					</div>
						</a>		
<style scope="scope">

#image_210453673 {
  width: 100%;
}
</style>
	</div>
	
<div class="row"  id="row-174782766">
<div class="col small-12 large-12"  data-animate="bounceInLeft"><div class="col-inner box-shadow-4"  >
<h3 style="text-align: center;"><a href="https://www.gites-de-france.com/location-vacances-Elliant-Gite-La-Ferme-De-Pierre-Les-Ajoncs-29G26530.html">JE RÉSERVE LE GITE &#8220;LES AJONCS&#8221;</a></h3>
</div></div>
</div>
</div></div>
<div class="col medium-6 small-12 large-6"  ><div class="col-inner"  >
<div class="row"  id="row-1902067729">
<div class="col small-12 large-12"  ><div class="col-inner"  >
<h4 style="text-align: center;"><span style="color: #800000;">À PARTIR DE 280 € LA SEMAINE</span></h4>
</div></div>
</div>
	<div class="img has-hover x md-x lg-x y md-y lg-y" id="image_2113680676">
		<a href="https://www.gites-de-france.com/location-vacances-Elliant-Gite-Ferme-De-Pierre-les-Bruyeres-29G26531.html"target="_blank" rel="noopener noreferrer"class="">						<div class="img-inner dark" >
			<img width="1020" height="689" src="https://lafermedepierre.fr/wp-content/uploads/2018/06/les-bruyeres_la_ferme_de_pierre-1024x692.jpg" class="attachment-large size-large" alt="" loading="lazy" srcset="https://lafermedepierre.fr/wp-content/uploads/2018/06/les-bruyeres_la_ferme_de_pierre-1024x692.jpg 1024w, https://lafermedepierre.fr/wp-content/uploads/2018/06/les-bruyeres_la_ferme_de_pierre-300x203.jpg 300w, https://lafermedepierre.fr/wp-content/uploads/2018/06/les-bruyeres_la_ferme_de_pierre-768x519.jpg 768w, https://lafermedepierre.fr/wp-content/uploads/2018/06/les-bruyeres_la_ferme_de_pierre-600x406.jpg 600w, https://lafermedepierre.fr/wp-content/uploads/2018/06/les-bruyeres_la_ferme_de_pierre.jpg 1200w" sizes="(max-width: 1020px) 100vw, 1020px" />						
					</div>
						</a>		
<style scope="scope">

#image_2113680676 {
  width: 100%;
}
</style>
	</div>
	
<div class="row"  id="row-1909950850">
<div class="col small-12 large-12"  data-animate="bounceInLeft"><div class="col-inner box-shadow-4"  >
<h3 style="text-align: center;">JE RÉSERVE LE GITE &#8220;LES BRUYÈRES&#8221;</h3>
</div></div>
</div>
</div></div>
</div>
<div class="row"  id="row-1880441193">
<div class="col small-12 large-12"  ><div class="col-inner"  >
<p style="text-align: center;"><span style="color: #993300;"><strong>Les réservations s&#8217;effectuent en ligne, exclusivement via le site de &#8220;Gites de France&#8221; en lien sur chacune des photos.</strong></span></p>
</div></div>
</div>
<h3 style="text-align: center;"><strong>LA FERME DE PIERRE – PRESTATIONS PARA HOTELIERES</strong></h3>
<p>LA FERME DE PIERRE offre à ses hôtes des prestations de type « para -hotelier »</p>
<p><strong>Réception. Accueil .</strong></p>
<p>Une présence permanente est assurée par les propriétaires sauf cas exceptionnel.</p>
<p>La réception officielle des gites se situe au rez de chaussée du bâtiment « Cidrerie » qui , outre le matériel lié à la fabrication du cidre et le bureau d’accueil, héberge un espace , permettant de faire de la cuisine et de se restaurer. A l’étage de ce bâtiment une salle de jeux permet de se divertir : table de ping pong ,jeux de fléchettes, jeux de société…</p>
<p>Ces prestations sont disponibles pour les hôtes, à la demande.</p>
<p>En cas d’absence physique d’un des propriétaires à la réception une présence téléphonique permanente est assurée avec la garantie d’une réaction très rapide .</p>
<p><strong>Numéros de portables des propriétaires</strong> :</p>
<p>Yves Lennon : 06 43 22 97 73</p>
<p>Anne Marie Lennon : 06 88 75 47 33</p>
<p>Olivier Lennon : 06 03 81 61 82</p>
<p><strong>Linge de toilette. Draps</strong></p>
<p>Serviettes de toilette et draps de bain sont fournis pour la semaine en début de séjour. Ils peuvent être changés en cours de séjour sur demande du client.</p>
<p>De même, le matériel de couchage, draps, couettes, couvertures sont fournis et peuvent être changés dans les mêmes conditions. Ces prestations sont incluses dans le prix des chambres.</p>
<p><strong>Ménage.</strong></p>
<p>Un ménage complet et soigné est assuré par la Ferme de Pierre avant le séjour.</p>
<p>Une intervention supplémentaire peut être réalisée en cours de séjour à la demande du client. Cette prestation est incluse dans le prix des chambres.</p>
<p> </p>

<p>LA FERME DE PIERRE – PRESTATIONS PARA HOTELIERES LA FERME DE PIERRE offre à ses hôtes des prestations de type « para -hotelier » Réception. Accueil . Une présence permanente est assurée par les propriétaires sauf cas exceptionnel. La réception officielle des gites se situe au rez de chaussée du bâtiment « Cidrerie » qui , outre le matériel [&#8230;]
